- 5*i = -30, 0*c - 6 = -c - n*i. What is the units digit of ((-4)/c)/(4/72)?
4
Suppose 239 = 4*x + 5*s - 309, 2*x - 264 = -5*s. Let w = x - 76. What is the units digit of w?
6
Let h(r) = -4*r**3 + r**2 + 2*r + 11. What is the tens digit of h(-6)?
9
Let y be ((-9)/(-15))/(15/50). Suppose 3*z = -2*f + 105, -2*f = -7*z + y*z + 191. Suppose -z = -2*v + 3. What is the units digit of v?
0
Suppose -5*u - f + 76 = 0, -2*f = -2*u - 4*f + 32. Let q be (-3)/(-1) - 0/19. Suppose -33 = -q*d + u. What is the units digit of d?
6
Suppose -c = 0, -7*d - 41 = -6*d + 2*c. Let h = d - -48. What is the units digit of h?
7
Let b(g) be the first derivative of -247*g**4/4 + g**3/3 + g**2 + 2*g - 11. What is the units digit of b(-1)?
8
Suppose -3*d = 0, -11*d + 9*d = -2*g + 1770. What is the tens digit of g?
8
Suppose -968 - 192 = -8*s. What is the units digit of s?
5
Let w be (-17)/(3 - (0 - -4)). Suppose 14*j = w*j - 120. What is the units digit of j?
0
Let x(c) = -c - 5. Let w be x(-7). Suppose 5*o - w = 8. Suppose -o*l + 2*j = -10, 5*l - 6 = 3*j + 17. What is the units digit of l?
4
Let h(r) be the second derivative of -r**3/6 + 7*r**2/2 - 7*r. What is the tens digit of h(-10)?
1
Let q(c) = c**3 + 7*c**2 - 3*c + 1. Let a be q(-7). Suppose 0 = -l - 10 + a. What is the tens digit of l?
1
Suppose 0 = -4*j - 12, 23*d - 19*d - 2*j = 7470. What is the tens digit of d?
6
Let l be (-1 - 2)/(2 - 2/4). What is the units digit of (-33995)/(-169) + l/13?
1
Let s = -216 + 58. What is the tens digit of (-1)/(-2) - s/4?
4
Let t be 2 - 320/(0 + 4). Let w = -28 - t. What is the units digit of w?
0
Let j be ((-28)/(-6))/(2/21). Let h = j + -16. Let y = h + -5. What is the units digit of y?
8
What is the hundreds digit of 2394 - (19 - (-10 - -20))?
3
Let f be -4 - 0/(1 - -1). Let z(h) = 10*h - 22*h + 1 + 10*h + 7*h + 3*h**2. What is the tens digit of z(f)?
2
Let p = 32 + -29. Suppose 4*v - 5*j = -p*j + 1040, -4*j = -8. What is the units digit of 6/(-30) + v/5?
2
Let l(c) = -c**3 + 14*c**2 + 22*c - 34. Let d be (3/12)/(5/10)*30. What is the tens digit of l(d)?
7
Suppose -2*y + 2*o + 26 = -4*y, 3*o - 17 = 4*y. Let x(q) = -q**3 - 6*q**2 + 8*q - 20. What is the tens digit of x(y)?
4
Suppose 5 = z + i, 5*z - 25 = -i - i. Suppose -z*s = -5*w + w + 405, -4*w - 4*s = -432. What is the units digit of w?
5
Suppose 5*t + 9378 = 23*t. What is the tens digit of t?
2
Let i(a) = -39*a + 23. Let t be i(2). What is the hundreds digit of (-5)/3*-3*(-3344)/t?
3
Let t(g) = -4*g + 1. What is the tens digit of t(-22)?
8
What is the units digit of (1 + 0)*(-4068)/(-18)?
6
Suppose -3*j + 2 = -2*j. Let z = -8 + j. What is the tens digit of 14/z*(12 + -18)?
1
Let r(u) = u + 1. Let b be r(2). Let d be 9*((-1)/b + 0). Let s = 7 - d. What is the tens digit of s?
1
Let h(z) = 2*z**2 - 24*z + 1. What is the tens digit of h(14)?
5
Let i(u) = 9*u**2 - u**3 - u**2 + 2*u**3 - 2*u + 0*u**3 - 12. Let x be i(-8). What is the units digit of (-58)/(-8) - 1/x?
7
Suppose 2*p = 187 - 37. Suppose 3*h = 6*h - p. Let f = h - -12. What is the units digit of f?
7
Let p(w) = w**2 - 3*w. Suppose 3*f + 0*f + 18 = -a, f - 3*a - 4 = 0. What is the units digit of p(f)?
0
Let r be 3/(15/5) - 1. Suppose 0 = -r*x - x + 25. What is the tens digit of x?
2
Suppose -17 + 5 = -3*f. Suppose -g + f*g = -5*r + 25, -4*r = -g - 20. What is the units digit of 40 + (g/(-4) - 2)?
8
Suppose 9 = 5*y - 1. What is the units digit of y/(-5)*1760/(-16)?
4
Suppose 20 = 2*p + 2*p. Let a(s) = -s**2 + 11. Let n be a(p). Let y = -7 - n. What is the units digit of y?
7
Suppose -3*w + 2*x = -4*w, -3*w + 3 = 3*x. Suppose -4*p + 612 = w*p. What is the hundreds digit of p?
1
Let h(d) = 8*d + 14. Let b(w) = -6*w + 13*w - 7*w - w + 1. Let i(u) = -2*b(u) - h(u). What is the units digit of i(-8)?
2
What is the units digit of 0 - -5 - 1 - -341?
5
Let k be 3456/132 - (-2)/(-11). Let d = 10 + k. Suppose 3*p + p = d. What is the units digit of p?
9
Let o(c) = 7*c - 2. Let x be o(5). Suppose -2*r + x = 5*y, -r - 4*y + 9 = -3*y. Let k = 17 - r. What is the units digit of k?
3
Suppose -4*h + 2677 = 3*b, -5*h - 12*b = -11*b - 3349. What is the tens digit of h?
7
Let j(d) = 4*d**3 - 98*d**2 + 14*d - 20. What is the thousands digit of j(25)?
1
Let b = 1035 + -530. What is the hundreds digit of b?
5
Suppose -1500 = -f - 9*f. Let g = -88 + f. What is the units digit of g?
2
Suppose x - 2558 = 4*k, -x = x - 2*k - 5128. What is the units digit of x?
6
Let c = 536 - 444. What is the tens digit of c?
9
Let p(n) = 6*n**2 - 12*n - 56. What is the units digit of p(-11)?
2
Suppose 2*s = -n + 3*n - 1292, 0 = -s + 3. What is the hundreds digit of n?
6
Let o(y) = 324*y - 1. Let m be o(-2). What is the hundreds digit of (-4)/(-26) - m*(-8)/(-52)?
1
Let u = -11 + 14. Let m = -183 + 257. Suppose 5*d - m = u*d. What is the tens digit of d?
3
Let v = 22 + -22. What is the units digit of (1297/7 - v) + (-46)/161?
5
Suppose c = b - 8, -4*b + 11 = 3*c - 14. Suppose -31 = -b*t + 53. What is the units digit of t?
2
Suppose -2*l = -4*l + 14. Let t(b) = 2*b**2 - 8*b - 10. Let y be t(l). Suppose -h - 4*h + 3*u = -66, 2*h - y = 4*u. What is the units digit of h?
2
What is the units digit of (-97202)/(-196) + (-5)/(-70)?
6
Let t = 270 + -163. Suppose 3*j + 73 = -t. What is the tens digit of ((-8)/3)/(4/j)?
4
Suppose 0 = -4*r - 2*c + 2, -1 + 8 = 2*r - c. Suppose 0 = -r*x + h + 43, 3*x - 2*h - 78 = -5*h. Let s = 34 - x. What is the tens digit of s?
1
Let v be (-147 + 0)/((-3)/(-2)). Let x be 420/v - 4/(-14). What is the units digit of -1 - -16 - (-5 - x)?
6
Let n(r) = -r**3 - 4*r**2 - 3*r + 4. Let i be n(-3). Suppose -67 - 73 = i*b - 2*a, -b - 41 = -2*a. What is the units digit of 8/44 + (-1116)/b?
4
Suppose i + 31 = -26. Let u = i + 186. Suppose 4*o = 43 + u. What is the tens digit of o?
4
Suppose 0 = -3*m - a + 105, 2*m - a = 40 + 25. Suppose -m - 49 = -f. Suppose -3*w = -c - w + 31, -3*c + 4*w + f = 0. What is the tens digit of c?
2
Let v = 12 - 27. Let g(a) = 2*a + 22. Let s be g(v). What is the units digit of (-1 - 60/s)*2?
3
What is the tens digit of (-1)/5 - (-8)/((-320)/(-20888))?
2
Let h = 9 - 7. Suppose 2*d - 59 = -2*v + v, -4*d + 122 = -h*v. What is the units digit of d?
0
Let z(q) be the third derivative of q**6/30 + q**4/4 - q**3/2 + 7*q**2. What is the units digit of z(2)?
1
Suppose 4*w + 3*h = -h - 32, 3*w - 2*h + 24 = 0. Let s be (-526)/w - 1/(-4). Suppose 4*i - 4*c - 128 = 0, s = -3*i + 5*i - 3*c. What is the tens digit of i?
3
Let b be -14 + 1 - (-7)/(-7). Let a be 4/b + 18/63. Suppose 2*t = -2*i + 62 - a, 0 = -5*t + 3*i + 195. What is the units digit of t?
6
Let n(b) = b**3 - 3*b**2 - 9*b + 2. Let m = 32 - 26. What is the tens digit of n(m)?
5
Suppose 5*d - 1735 + 140 = 0. Suppose -4*u - w + d = -0*w, 5*w = -25. Suppose -u = -5*k + 19. What is the tens digit of k?
2
Let a(d) = d**2 + 4*d + 2. Let u be a(4). Suppose 3*b + u = 2*k - 178, 4*k = 2*b + 432. Suppose -5*l = -1 - k. What is the units digit of l?
2
Let w(i) = -4*i**2 + 22*i - 5. Let a be w(5). Suppose -5*q + a*v + 270 = 0, -q - 3*v = 4*q - 262. What is the tens digit of q?
5
Let d = -2069 + 4475. What is the tens digit of d?
0
Suppose -5*m - 20 = 0, -5*s + 3*m + 28 + 14 = 0. Let w(i) = 5*i - 6. Let h be w(s). Suppose h = o + 2*o. What is the units digit of o?
8
Suppose -1341 = -5*d - 4*f, -2*f + 954 = 5*d - 379. What is the units digit of d?
5
Let v(l) = l. Let j be v(3). Suppose 0 = -j*p - 0*p. Suppose 2*u + p = 4*a + 12, -u - 4*a = -36. What is the tens digit of u?
1
Let c be -3 + -2 + 0 + 18. Suppose -3 + c = 5*t. Suppose -t*b = -v - 35 + 3, -b + 3*v = -21. What is the tens digit of b?
1
Let d(n) = 88*n - 28. Let o(b) = -44*b + 15. Let i(r) = -3*d(r) - 5*o(r). What is the hundreds digit of i(-4)?
1
Let b be 3/(9*2/30). Suppose 6*c = b*c + 5. Suppose c*h - 7*h + 106 = 0. What is the units digit of h?
3
Let f(r) = -r - 8*r + 0 + 2 - 13. What is the tens digit of f(-7)?
5
Let k(i) = -9*i**3 - i. Let v = 15 + 4. Let n = -20 + v. What is the units digit of k(n)?
0
Let q(b) = 5*b - 6. Let n be q(7). Let r = n + -43. What is the units digit of 3 - (-7)/(r/(-8))?
7
Let u(s) = s**2 - 4*s + 7. Let w be u(3). Suppose 4*d - w*m + 22 = 6*d, 0 = 3*d - 5*m - 22. What is the units digit of d?
9
Let r(t) be the first derivative of -8*t**4 + t